a). Let z = 4 + 1. What is n(z)?
-5
Let w be (-6)/(-6 - (-5 - 3))*32/(-12). Let x(o) be the second derivative of o**3/6 - 6*o**2 + o. Give x(w).
-4
Let m(g) = -416 - 4*g + 5*g + 143 + 136 + 135. Let c be (-6)/(-15) - 16/(-10). Suppose 2*w - c*t - t - 2 = 0, -5*t = -4*w + 6. What is m(w)?
2
Let k(n) = n**3 - 26*n**2 - 29*n + 57. Suppose -1239*s - 1431 = -1292*s. What is k(s)?
3
Let c(p) = 21*p - 4. Let i(q) = -406*q - 6089. Let w be i(-15). Give c(w).
17
Let c(f) = 3*f + 6. Let l be 21 + -3 + (-30)/(-5). Suppose 0*p + j = 3*p + 19, l = -4*p + j. What is c(p)?
-9
Let k(j) be the first derivative of -j**4/4 + 4*j**3 + 7*j**2/2 + 17*j + 1233. Determine k(12).
101
Let m(r) = -r + 3. Let p = -532 + 527. Let f(v) = -2*v**2 - 11*v - 2. Let u be f(p). Calculate m(u).
0
Suppose 34*h + 47*h = -22*h. Let s(u) = -u**3 - u + 25. Determine s(h).
25
Let h(m) = m + 7. Let v be h(-12). Let l(y) = 59*y - 110*y + 47*y - 13. Determine l(v).
7
Let r(z) be the first derivative of -90 + 4*z - 1/3*z**3 + z**2. Suppose -15 = -2*i - 3*i. What is r(i)?
1
Let g(l) = l**2 - 93*l + 667. Let q be g(8). Let z(o) be the second derivative of o**3/6 + 7*o**2/2 + 41*o. What is z(q)?
-6
Let c(n) = 70*n + 17. Let q(t) = 35*t + 8. Let l(o) = -4*c(o) + 7*q(o). Let r(f) = 12*f + 4. Let y(u) = 3*l(u) + 8*r(u). Give y(-4).
32
Let s(c) = -140*c**2 + 31*c - 55. Let r(w) = -97*w**2 + 21*w - 37. Let k(l) = -13*r(l) + 9*s(l). Give k(6).
58
Let g(a) = a**3 - 6*a**2 - 15*a + 63. Let t be g(7). Let i(p) = 16*p**2 - 2*p**2 - 3*p**2 - 3*p**2 - 9*p - 6*p**2 + t. Determine i(3).
-2
Suppose -9 = 8*c - 33. Let p = -66 - -93. Suppose -c*r + 27 = -3*f + r, -3*f + r - p = 0. Let q(u) = u**3 + 8*u**2 - 10*u - 8. Give q(f).
1
Let n = -1309 + 1310. Suppose -12*i - 6 = -15*i. Let v(p) = 0 - 13*p**2 + i + 0 - 1. Calculate v(n).
-12
Let h(k) be the third derivative of -k**7/2520 + k**6/144 - k**5/20 - 115*k**4/24 + 90*k**2. Let l(b) be the second derivative of h(b). Give l(5).
-6
Let f(h) be the third derivative of h**6/40 - h**5/10 + h**4/24 - h**3/3 + 40*h**2 - 2. Let r(q) = q**3 - 2. Let i(x) = f(x) - 2*r(x). Calculate i(6).
8
Let o(x) = 2*x**2 - 5*x - 3. Let p be o(3). Suppose -14*w + 6*w - 64 = p. Let i(c) = -c**2 - 6*c - 4. Calculate i(w).
-20
Let o be 1 + (4 - 8/4). Let a(k) be the first derivative of -327*k + 12 + 327*k - k**o. Determine a(1).
-3
Let r be (-8 - 25)/((-6)/16). Let u(x) = r*x + 16*x**2 - 14*x**2 - 81*x. Determine u(-5).
15
Let h = 4628 + -4625. Let l(i) be the second derivative of 0 + 1/2*i**2 - h*i - 5/6*i**3. Calculate l(-1).
6
Suppose -24*i + 50 = -20*i - 2*c, 5*i = 2*c + 60. Let d(s) = s**2 - 21*s - 4. What is d(i)?
-114
Let w(q) = -14 - 6*q**2 - 3*q**2 + q**3 + 9516011*q - 9516020*q. Let g(s) = -10*s**3 - s - 1. Let r be g(-1). Calculate w(r).
-4
Suppose 5*z + 4*v + 17 = 0, 6*v - 22 = z - 5. Let q = -15 - z. Let i(p) = -p**3 - 9*p**2 + 11*p - 2. What is i(q)?
-12
Let s be 1/(-6*5/(-60)). Suppose 3*k - 5*h = 44, -3*h - 12 = -k - s*h. Let u(a) = a - 16. Determine u(k).
-8
Let p(y) be the second derivative of -y**3/6 + 21*y**2/2 - 1335*y. Calculate p(16).
5
Let l(c) = -2*c**3 - 13*c**2 + 8*c + 1. Let p be l(-7). Let w be (1 - 9)*(7 + p). Let v(s) = s - 4. Determine v(w).
-12
Let u(t) be the third derivative of t**5/60 + t**4/4 - t**3/3 + 3*t**2. Let b = 262 - 269. Let q(h) = h**3 + 9*h**2 + 25*h + 70. Let n be q(b). Calculate u(n).
5
Let k(z) = -16*z - 3. Let g(t) = 3*t**2 + 5*t - 4. Let j be g(-2). Give k(j).
29
Let x(o) = -o**3 + 6*o**2 - 5*o. Let h(g) = -82 + 3 - 23*g + 2 - 18*g. Let q be h(-2). What is x(q)?
0
Let u(c) = -3*c + 38. Let f(z) = 2*z - 33. Suppose 13*j + 0*j - 78 = 0. Let r(g) = j*f(g) + 5*u(g). Determine r(-5).
7
Let v(p) = -p - 4. Let k = 79 - 78. Suppose 3*o + 5*r = 21, 0 = -o + 3*o - r - k. Suppose -o*i + 0*i - 40 = 5*d, -3*i = 2*d + 27. Determine v(d).
2
Suppose 5*f - 4*t - 359 = -49, -3*f + t + 186 = 0. Suppose -2*u + f - 48 = 0. Suppose 3*a - u*a + 16 = 0. Let m(v) = -3*v**2 + 5*v + 4. What is m(a)?
-24
Suppose 0 = 12*z - 21 - 15. Suppose -z*t = -5*i - 0*i + 4, 5*i = t + 8. Suppose 0 = -t*u - 3 - 11. Let k(p) = -4*p - 6. Calculate k(u).
22
Let p = -6901 + 6908. Let k(z) = z**3 - 7*z**2 - 3*z + 28. Determine k(p).
7
Let q = -1702 - -1698. Let u(k) = -k**3 - 3*k**2 - 5*k - 28. Determine u(q).
8
Let b(y) = 1405*y - 1401*y + 5 + 24 - 85 - 34. Determine b(27).
18
Let n = -7091 + 7080. Let k(u) = -u**2 + 3*u + 149. What is k(n)?
-5
Let b(p) = 2*p - 1. Let y(r) be the first derivative of r**4/4 - 4*r**3/3 + r**2 - 6*r + 3. Let o be y(4). Suppose 0 = -3*q - o*q - 20. Give b(q).
-9
Let b(a) = 58 + 52 - a + 53 - 165. Suppose 0 = -2*g - 0*v - 2*v + 4, -2 = -g + 4*v. Let p(y) = -2*y - 3. Let o(x) = g*p(x) - 3*b(x). What is o(-1)?
1
Let h(s) = -31*s**2 - 24*s - 305. Let b(v) = -88*v**2 - 73*v - 901. Let l(c) = 6*b(c) - 17*h(c). Determine l(-18).
-5
Let a(s) = -3*s + 8. Let j(g) = 3*g + 1. Let t(q) = -4*q + 33. Let z(p) = -3*j(p) + t(p). Let w(y) = 9*a(y) - 2*z(y). Determine w(5).
7
Let r(u) = -u**2 - 4*u + 2. Let a be 15/((-15)/(-2)) - (0 - 1). Suppose -a*b + 6 = -b. Suppose 0 = -4*f - 0*f + 3*n - 15, n = -b. Give r(f).
-10
Let c(h) = -7*h. Let n = 35 - 31. Suppose n*q + 8 = 8*q. Suppose q + 12 = 4*z - 2*o, 2*z + 3*o + 13 = 0. Give c(z).
-7
Let c(p) = 2*p**2 + 5*p + 2. Suppose 0 = 2*y - 2*t - 35 + 9, 0 = -4*y + t + 64. Suppose 3*z = -y + 5. Calculate c(z).
14
Let i(v) = -7*v + 16. Let o(l) = 9*l - 29. Let c(n) = 3*n - 10. Let r(u) = 8*c(u) - 3*o(u). Let w(m) = 2*i(m) - 5*r(m). Give w(-3).
-6
Let k(m) = m**3 - m**2 - m + 2. Let v be k(1). Let j(w) = -v + 7*w + 0 - 2*w. Let a be -2*(-1 - 0)/2. Give j(a).
4
Let b(r) = -r**2 + 48*r - 317. Let d(j) = -10*j - 170. Let u be d(-21). What is b(u)?
3
Let y(k) = 360*k + 361*k - 2*k**3 + 6*k**2 + 53 + 346*k - 1077*k + k**3. Give y(6).
-7
Let z(m) = 31*m - 581 + 611 - 9*m - 5*m**2 + 4*m**2. Calculate z(23).
7
Let a(m) = -11*m - 17. Let j be (-18)/4*28*25/3150. Calculate a(j).
-6
Let y(u) = u**2 - 6*u - 5. Let d = -1015 + 1013. What is y(d)?
11
Let q(s) be the third derivative of -s**6/120 - 2*s**5/5 + s**4/24 + 3*s**3 - 11*s**2 + 2*s. Calculate q(-24).
-6
Let r(d) = 6*d + 199. Let l be (4/(24/(-9)))/((-117)/(-884))*3. Determine r(l).
-5
Let k(n) = -125*n + 371. Let s be k(3). Let c(z) be the third derivative of -z**5/60 - 5*z**4/24 + 3*z**2. Give c(s).
4
Let l(q) be the second derivative of -99*q + 1/2*q**3 - 1/2*q**2 + 0. Determine l(10).
29
Let x(j) = j**2 - 4*j - 3. Let a = 75 + -33. Suppose -g = 5*g - a. Suppose -d = 2*m + 5, 0*d + d + g = -4*m. Calculate x(d).
18
Let u(y) = 7*y**2 + 5*y + 1. Let z(w) = w**2 + w + 1. Suppose -3*i = -4*c - 38, i + 4*i - 55 = 5*c. Let k(f) = i*z(f) - u(f). Give k(-4).
-15
Let i(k) = -k**2 + 8*k - 6. Suppose -2*u - 133 = -55. Let w = u + 45. Give i(w).
6
Let h(n) = -10*n**3 - n**2. Let p be h(2). Let d = p + 86. Let z be (2/(-4) + 1)*(d + 0). Let u(m) = -7*m**2 - m. Calculate u(z).
-8
Suppose 4*u - 15 = -2*k + 17, -4*k - 2*u + 34 = 0. Let n(l) be the second derivative of -l**5/20 + 2*l**4/3 - 4*l**3/3 - 6128*l. Calculate n(k).
24
Let f(u) = 3*u**2 + 3*u**3 - 2*u**3 + 0*u + u - 2. Let s(b) = -b**2 + 117*b + 1267. Let k be s(-10). Calculate f(k).
-5
Let b = -618 - -622. Let s(o) = 2*o**2 + 3*o + 8. Let a(k) = 2*k**2 + 2*k + 7. Let l(v) = b*s(v) - 5*a(v). Give l(2).
-7
Let n(k) = k**2 - 12*k + 11. Let q(h) = 2*h + 14. Let r be q(-7). Suppose r = 28*g - 72*g + 484. Determine n(g).
0
Let d(z) be the first derivative of -z**5/120 - 11*z**4/24 + 8*z**3/3 - 4*z**2 - 236. Let u(i) be the third derivative of d(i). Give u(-7).
-4
Let n = -264 + 268. Let l(y) = 2*y - n - y + 3 - 3*y. What is l(-3)?
5
Let a(f) = 3*f + 30. Let t be a(-7). Suppose 11*q = 2*q + t. Let i(l) = -2 - q + 1 - 2*l. Determine i(6).
-14
Let s(d) = 5*d**2 + 6*d - 8. Let k be ((0/10)/(-10) + -4)/2. Give s(k).
0
Let f(g) be the first derivative of g**4/4 + 2*g**3/3 - g**2 + 2*g - 2. Let y be 10 - (-2)/(8/(-12)). Suppose 0 = y*x + 19 + 2. What is f(x)?
-1
Suppose -q - 5*q = 24. Let z be (-46)/q + (-1)/(-2). Let g be ((-12)/z)/(-1 - 4/(-5)). Let o(k) = k**3 - 3*k**2 - 7*k. Give o(g).
15
Let k = -2 + 8. Let r be 0 + -2 + -2 + (4 - -2). Let s(p) = p**3 + 0*p**3 + 4*p**3 + 7*p**r - 5*p - 6*p**3 - 8. Calculate s(k).
-2
Let v(s) = -s**3 + 10*s**2 